38 = y + 2*y, 4*m + 2*y = 26. Suppose 3*q - 5*x = m*q - 61, -4 = -4*x. Calculate the remainder when 1/5 - -1*688/10 is divided by q.
13
Suppose 28*n + 19 = 3*i + 30*n, 0 = -i + 4*n - 3. What is the remainder when 2417 is divided by i?
2
Let a = -62 + 52. Let f be (-30)/9*12/a. Suppose d = -f*d + 40. What is the remainder when d is divided by 3?
2
Suppose 5*g + c - 14 = 0, -5*g - 5*c + 30 = -0*c. Suppose -g*b - 2 = -50. Calculate the remainder when 37 is divided by b.
13
Let z = -3831 - -3838. Let r = -15 + 17. Suppose i - 15 = -r*i, 3*p - 4*i - 91 = 0. What is the remainder when p is divided by z?
2
Suppose -c - 5*v = -v + 17, 0 = 4*c + 3*v + 3. Let u(l) = c + l**2 - 6*l + 10*l + 14*l. Calculate the remainder when u(-23) is divided by 15.
13
Let n(p) = -p**3 - p**2 - p + 2. Let k be n(0). Suppose 0 = -2*m + 2 + k. Calculate the remainder when -6 + (-9 - 531/(-63) - 190/(-14)) is divided by m.
1
Suppose 5*m - 891*g = -887*g + 760, -2*m + 291 = g. What is the remainder when m is divided by 0 + (0 + 1 - -12)?
5
Suppose 0 = -i - 5 + 7. Suppose -4*k = i - 18. Suppose k*o = -8, -2*o - 543 = -5*m + 2*o. What is the remainder when m is divided by 18?
17
Suppose 330 = 3*w + 8*w. Suppose 330 + w = 10*k. Calculate the remainder when 104 is divided by k.
32
Let o(p) = 20*p**2 - 16*p - 28. Suppose 2*a - 87 = -91. Let r(f) = -2*f**3 - 6*f**2 - 3*f - 1. Calculate the remainder when o(a) is divided by r(-4).
41
Let d = 7648 - 7627. Calculate the remainder when 1423 is divided by d.
16
Let i be 18/9 - (2 + 16). What is the remainder when (-81)/6*(-2 - i/(-3)) is divided by 25?
24
Let r = 227122 - 227085. What is the remainder when r is divided by 17 - 1*(3 - 1)?
7
Let q(j) = 2*j**2 + 71*j - 8. Suppose 4*v - 72 - 140 = 0. Calculate the remainder when q(-37) is divided by v.
50
What is the remainder when 698 is divided by ((-264)/(-28))/(9/42)?
38
Let j = 2138 + -2083. Let l(z) = 14*z + 7. Calculate the remainder when l(7) is divided by j.
50
Suppose 4*x - 583*t - 572 = -587*t, -3*x = 4*t - 431. Calculate the remainder when x is divided by 111/9*(-15)/(-5).
30
Let f = 642 + -616. Calculate the remainder when 81 is divided by f.
3
Suppose 18 = t - 2*p, -4*t + 7*p = 4*p - 72. Suppose 4*k + 5*d - 9 + 124 = 0, 0 = -4*k + 4*d - 124. What is the remainder when 14 is divided by 3*k/t + 13?
6
Suppose -187*r + 881470 = -6*r. Calculate the remainder when r is divided by 21.
19
Suppose -190*i + 186*i = -4520 - 308. What is the remainder when i is divided by 174?
163
Calculate the remainder when (-495)/(-22)*(-900)/(-15) is divided by 93.
48
Let l(m) = -8 - 10*m + 7*m**2 + 5 + 5*m**2 - 8. Calculate the remainder when 43 is divided by l(-1).
10
Let k = -361 + 365. Suppose -4*x + 22 = -14. Suppose 0 = -h + 3, 0 = -3*u + 2*h - 0*h + x. What is the remainder when u is divided by k?
1
Let o(k) = -3*k**2 + 58*k + 26. Let f be o(20). Calculate the remainder when (f - 132/(-9))/(2/573) is divided by -2 - 1*-2 - -24.
23
Let m = 20 - 18. Suppose 7 = -7*y + 2*y + r, m*y = 3*r + 5. What is the remainder when y + (0 - -103)*1 is divided by 26?
23
Let a(g) = -122*g - 370. What is the remainder when a(-4) is divided by 18?
10
Let d = -838 + 590. Let h = -232 - d. Calculate the remainder when h is divided by 4.
0
Let x(n) = 2*n**3 + 2*n**2 - 4*n + 3. Calculate the remainder when (-232)/6*12/(-16) is divided by x(2).
10
Let k = 965 + -716. Let o(r) = r**2 - 3*r + 9. What is the remainder when k is divided by o(3)?
6
Suppose -5*q = j - 233, 13*j - 5*q = 10*j + 719. Calculate the remainder when j is divided by 94.
50
Suppose -6*b + 8*b - 4*g + 6 = 0, 0 = -3*b + 5*g - 7. What is the remainder when b*(-1)/3 - 3186/(-81) is divided by 27?
12
Suppose 8*w = 4*w - 40. Let c = 19 + w. Let g = 35 + -2. What is the remainder when g is divided by c?
6
Suppose -62*a + 1290 = 59*a - 116*a. What is the remainder when a is divided by 29?
26
Suppose 19*i + 134*i - 84467 = 111679. What is the remainder when i is divided by 217?
197
Let k be 24/(36/6)*-2. Calculate the remainder when 88 is divided by 436/16 + 2/k.
7
What is the remainder when 1512/336*52/9 is divided by 10?
6
Suppose -5*y = 4*r - 31, 7*r - 4*y - 13 = 6*r. Let b(w) = 5 + 4*w + 15 - 5*w. Calculate the remainder when 20 is divided by b(r).
9
Let j = 5607 + -4675. What is the remainder when j is divided by 156?
152
Calculate the remainder when (-181 - -193)*(-1163)/(-6) is divided by 97.
95
Calculate the remainder when 42 is divided by (-8)/3*5*(-10 + (-970)/(-100)).
2
Suppose -2*n = -4*p - 7*n + 3440, -18*n = 0. What is the remainder when p is divided by 225?
185
Suppose 3*q + 130*y = 132*y + 8272, -3*q = -y - 8267. Calculate the remainder when q is divided by 29.
28
Suppose 0 = -29*b + 30*b - r - 217, 852 = 4*b + 4*r. Let d = -333 - -405. Calculate the remainder when b is divided by d.
71
Calculate the remainder when 3973 is divided by -14 + (17 - -10) - -12.
23
Let p(s) = 9*s**2 + 2*s - 5. Let k(f) = -308*f + 49036. What is the remainder when p(5) is divided by k(159)?
38
Let l(u) = -2*u**2 + 36*u + 301. What is the remainder when 65 is divided by l(24)?
0
Let h(i) = -i**2 - 15*i + 37. Let n be (-222)/22 + (-24)/(-264). What is the remainder when h(n) is divided by 11?
10
Suppose -3*b + 446 = -b. Let g(m) = -114*m - 431. What is the remainder when b is divided by g(-4)?
23
Let o = 6341 - 4705. What is the remainder when o is divided by 82?
78
Suppose 14*t - 30*t = -5248. Calculate the remainder when t is divided by 120.
88
Calculate the remainder when 21031 is divided by 4/(-5)*19630/(-1208).
10
Calculate the remainder when (2/(-3) + -2)*(-93 + -228) is divided by 205.
36
Suppose -2*g + 5*i - 13 = 0, 11*i + 47 = 3*g + 13*i. Calculate the remainder when 2187 is divided by g.
9
Suppose -22669 - 45392 = -2199*f - 1907*f + 865*f. Suppose -4*o + 481 = -3*m, m + 0 = -3. Calculate the remainder when o is divided by f.
13
Let o be (5 - (261 + -5))/(3/(-6)). Let y = -299 + o. Let i(n) = n**3 - 2*n**2 - 6*n + 6. Calculate the remainder when y is divided by i(5).
50
Let h(q) = -3*q**2 + 15*q - 7. Let k be h(5). Let g = 18 + k. What is the remainder when g is divided by 9?
2
Let i = 98 + 127. Suppose 0 = -3*u + l + i, 0 = 4*l + 11 + 1. Calculate the remainder when 219 is divided by u.
71
Suppose -552*f + 73362 = -52*f - 24638. Calculate the remainder when f is divided by -1*3*(-10 + -1).
31
Suppose 2*v - 116 = m, 2*v + 4*m - 2*m = 104. Suppose 3*r + 81 = 2*z, -26*z + 117 = -23*z - 3*r. What is the remainder when v is divided by z?
20
Let h(b) = b**3 + 112*b**2 + 412*b - 284. Calculate the remainder when h(-108) is divided by 38.
14
Suppose 3121 = 27*m - 119. Calculate the remainder when 373 is divided by m.
13
Let q(o) = -o**2 + 10*o - 17. Let m be q(7). What is the remainder when 2/m*(149 - -13) is divided by 28?
25
Let d = 8 - 31. Let u = 27 + d. What is the remainder when 2 + u + -5 + -1 + 28 is divided by 10?
8
Let n(s) = 9*s - 2. Suppose 0 = 13*q - 11*q - 6. Let r be n(q). Suppose 220 = -r*l + 29*l. What is the remainder when l is divided by 30?
25
Let d(q) = q**2 + q - 31. Let b be d(0). Let s = b + 58. Let m = -740 + 747. What is the remainder when s is divided by m?
6
Suppose -5*c = 4*q - 3629 - 4241, -4*q + c = -7834. Calculate the remainder when q is divided by 109.
107
Let y = 444 - 411. Calculate the remainder when 1418 is divided by y.
32
Suppose -d - 6*d + 28 = 0. Suppose p + 5*k = -d*p - 190, p + 62 = 5*k. Calculate the remainder when (1248/91)/((-4)/p) is divided by 21.
18
Suppose -184 = -3*o + 473. Let m = -210 + o. Calculate the remainder when 85 is divided by m.
4
Let u be (3/(-3))/((-2)/1092*3). Let v = -164 + u. Calculate the remainder when 70 is divided by v.
16
Let c(p) = -p**2 - 6*p + 354. What is the remainder when c(-17) is divided by 145?
22
Suppose 4824 = -26*b - 2300. Let k = b - -295. What is the remainder when 82 is divided by k?
19
Let m = -428 + 678. Let i = m + -204. Calculate the remainder when i is divided by 17.
12
What is the remainder when 270 is divided by (7/(-3))/((-8)/312)?
88
Suppose -10*f - 12*f - 2288 = 0. Let k = -85 - f. Calculate the remainder when 109 is divided by k.
14
Let c = 20935 + -19440. What is the remainder when c is divided by 744?
7
Let k = -4417 - -4626. Calculate the remainder when k is d